alculate the greatest common factor of 203 and w.
29
Suppose 0 = y + a + 4 - 5, -5 = -2*y - a. Suppose -f + 6*f = -o + 181, -y*o - 32 = -f. Calculate the highest common divisor of 48 and f.
12
Let q(b) = -b**3 - b**2 - 1. Let d(m) = -7*m**3 - 21*m**2 + 8*m - 8. Let g(w) = d(w) - 4*q(w). Let p be g(-7). What is the highest common divisor of 51 and p?
17
Let r(b) = 2*b + 22. Let m = -21 - -10. Let f be r(m). Suppose f = 3*g + w - 120, -4*g - 7*w = -2*w - 171. Calculate the highest common divisor of 26 and g.
13
Suppose -2*k + 138 = 6. Let n = 55482 + -55328. What is the highest common factor of n and k?
22
Suppose 576 = -z - 7*z. Let f = z - -137. Let k = 79 - f. Calculate the greatest common divisor of 2 and k.
2
Suppose -2*x = -0*w - 5*w + 21, -4*w = -x - 15. Let b be 6/3 + (-117)/(-3) + w. Suppose 0 = l - 3*l + 8. What is the highest common divisor of b and l?
4
Let a(h) be the second derivative of h**4/3 + 5*h**3/2 + 23*h**2 - 7*h - 2. Let l be a(-6). What is the highest common factor of l and 40?
20
Let o be (395/(-30))/(1/(-6)). Let w = o - 75. What is the highest common divisor of 4 and w?
4
Let o(y) = 7 - 10*y - 2 + 1 + 15*y. Let d be o(-1). Let b be d - ((-31 - -2) + 2 + 1). Calculate the highest common factor of 243 and b.
27
Suppose -507 - 114 = -9*v. Suppose 5*n = f + 805, -4*n + 494 = -2*f - 150. Calculate the highest common divisor of v and n.
23
Suppose 67 = -3*o + 4*o + 4*l, -4*o - 3*l + 216 = 0. Calculate the highest common factor of o and 3417.
51
Let h(b) = -53*b - 138. Let g(m) = 28*m + 68. Let s(t) = -5*g(t) - 3*h(t). Let r be s(-2). Calculate the highest common factor of 396 and r.
36
Let x(d) = 2*d**2 + d. Let o(f) = -f**2 - 3*f - 3. Let t be o(-2). Let i be x(t). Let m = 4 - -3. Calculate the highest common factor of m and i.
1
Let w be (-4)/3*(-8241)/164. What is the greatest common divisor of 1675 and w?
67
Let r be ((-1870)/(-66))/(-1*(-1)/102). Calculate the greatest common factor of r and 150.
10
Let h be 5/(-20) + (-9)/(-4) + 10. Let x be (-3*(-2)/(-12))/(1/h). Let f be 8/12 + (-374)/x. What is the highest common factor of 7 and f?
7
Suppose -7 = 5*t - 0*t - y, 0 = -2*y + 4. Let f be 1*4 + ((-2)/t - -5). Suppose 4*k = 9 + f, 4*p = -4*k + 52. Calculate the highest common factor of p and 64.
8
Let r = 81 + -41. Suppose -9*k + r + 59 = 0. What is the highest common factor of 253 and k?
11
Let r(c) = -c**2 + 28*c - 32. Let i be r(26). Calculate the highest common divisor of i and 5090.
10
Let q = 1 - -22. Suppose -5*v - 247 = -2*l + 260, -v = 2*l - 537. Suppose 2*b + 5 = 1, -5*b + l = 2*y. What is the greatest common factor of q and y?
23
Suppose -4*i - x = -7*i + 44, i - 3*x = 28. Suppose 0 = -i*j - 5 + 122. What is the highest common divisor of j and 225?
9
Let o(u) = 21*u**2 + u. Let z be o(-1). Suppose -153 = -4*b + b. Suppose 2*k - b - 69 = 0. Calculate the greatest common factor of k and z.
20
Let d = 854 + -837. What is the highest common divisor of d and 1921?
17
Suppose 0*j - j - 50*j + 1122 = 0. Calculate the greatest common divisor of 3454 and j.
22
Let d = -11067 + 11842. What is the greatest common factor of d and 217?
31
Suppose -2*m + 2*f + 93 = -3*f, -3*m - 5*f = -127. Let q(t) = 2*t**2 - 2*t + 7. Let h be q(5). Let c = h - m. What is the greatest common divisor of 21 and c?
3
Suppose 28 = -3*j - 5*m, -m + 20 + 2 = -4*j. Let l be ((-4)/j)/((-10)/(-255)). What is the greatest common factor of l and 85?
17
Suppose 2*r - 33 = 4*d - 59, 3*d = -4*r + 25. Calculate the highest common factor of 2422 and d.
7
Let y(g) = 1 + 2*g**2 - 11 - 7*g + 23*g - 3*g**2. Let a be y(10). Let r = 57 - a. Calculate the highest common factor of 77 and r.
7
Suppose 42 = -168*j + 175*j. Let z be (0 + 24/20)*170/j. What is the highest common factor of z and 646?
34
Let d = 223 + -125. Let n = 71 + -22. What is the highest common divisor of d and n?
49
Let j = -6402 - -6404. Calculate the greatest common factor of j and 169.
1
Let o = 364 + 1295. Calculate the highest common divisor of o and 21.
21
Suppose -5*y = -q - 82, -5*y + 5*q + 66 + 4 = 0. Suppose 0 = 3*u - 5*d - 464, u + 70 = -d + 222. What is the greatest common factor of y and u?
17
Suppose -4*n = 3*w - 1704, -16*n = 2*w - 12*n - 1132. Let t = w + -526. What is the greatest common factor of 115 and t?
23
Let h = 4228 - 4085. Calculate the highest common divisor of 209 and h.
11
Let d be 3/15 + 9/5. Let n be (14*-3)/(-3) - (23 + -17). Suppose -2*g = n*u - 13*u + 63, 0 = -5*u - 2*g + 67. Calculate the greatest common factor of u and d.
1
Let j(g) = 137*g - 817. Let m be j(19). Calculate the greatest common factor of m and 1128.
94
Let l = -713 + 792. Let t = -191 + 273. Suppose t*b - 24 = l*b. What is the highest common factor of b and 8?
8
Suppose c = 2*x - 13 - 6, -3*x + 5*c + 39 = 0. Let l be (6 - (-13 + x)) + 1. Let b(z) = 2*z + 3. Let r be b(3). What is the highest common divisor of r and l?
3
Suppose 2*l + 5*w - 2206 = 1533, 0 = -2*l - 3*w + 3733. Calculate the greatest common divisor of 42 and l.
14
Suppose 20513 = 19*a + 15212. Calculate the highest common divisor of 1251 and a.
9
Suppose -8*x - 2*z - 5680 = -11*x, -10*x - 5*z + 18910 = 0. Calculate the highest common factor of x and 1204.
172
Let m = 142 - 315. Let k = m + 299. What is the highest common factor of 18 and k?
18
Let q(u) = 39*u - 24. Let d be q(2). Let s(l) = 22*l + 9. Let y be s(16). Suppose x - y = 71. Calculate the highest common divisor of x and d.
54
Suppose 152*j - 18*j - 145590 = -288*j. What is the highest common factor of 1449 and j?
69
Suppose -j + 11 - 15 = 0, -28 = -2*t + 5*j. Let k be (-14)/(-3)*(-36)/(-24). Let l(x) = 3*x - 9. Let u be l(k). What is the highest common divisor of t and u?
4
Let u(f) = f**2 + 65*f + 1098. Let c be u(-30). Suppose -l = 2*d - 572, -2*d + 3*l + 876 = d. Calculate the highest common divisor of c and d.
48
Suppose -2*p = -7*y + 4*y - 2070, -8 = 2*y. What is the highest common factor of 21 and p?
21
Suppose -39*q - 11584 = -47*q + 6848. What is the greatest common factor of q and 270?
18
Let i = 73 + -85. Let m be 3/i + 1732/16. Let s be (m/15)/((-12)/(-60)). What is the greatest common factor of s and 24?
12
Suppose 23*w = -k + 27*w + 44, 4*k = w + 176. Let l(q) = 4*q - 29. Let d be l(14). Let f = d - 16. What is the highest common factor of f and k?
11
Suppose 38*h = 35*h + 4752. Let f = h - 747. Calculate the greatest common divisor of 27 and f.
27
Suppose -6*y + 15 = -y, -2*v = 5*y - 335. Let l be (160/1120)/(2 - (-194)/(-98)). Suppose -55 = l*w - v. What is the greatest common divisor of w and 60?
15
Suppose 0 = -4*w + 1 + 7. Suppose 1052*j - 1041*j - 176 = 0. What is the highest common divisor of w and j?
2
Suppose 46*d - 51*d + 1005 = 0. Calculate the highest common divisor of d and 22713.
201
Suppose 0 = -2*z + 80 + 88. Suppose -5*b + 6*b = 22. Let t(y) = 2*y - 30. Let q be t(b). What is the highest common divisor of z and q?
14
Let z = 13648 + -13528. What is the greatest common divisor of 312 and z?
24
Let u be ((-85036)/17)/(-1) + 318/(-2703). Calculate the greatest common factor of u and 328.
82
Suppose 0 = 5*q - 288 + 98. Let l = 52 - q. Let c be (l - (2 - -2)) + -2. What is the highest common divisor of 2 and c?
2
Suppose 1596 = -16*y - 3*y. Let w be (-15)/4*2464/y. What is the greatest common divisor of w and 22?
22
Let z(h) = 2*h**3 - h**2 - 5*h - 40. Let u be z(-6). Let t = u - -731. Calculate the greatest common divisor of t and 11.
11
Let k = 8224 + -6035. What is the highest common factor of k and 22?
11
Suppose 42 = -t + 4*t. Let o = -63488 + 63810. What is the greatest common factor of t and o?
14
Let o be ((-54)/12)/(7 - (-3726)/(-532)). Calculate the greatest common factor of o and 14.
7
Suppose 1875 = 5*x + 2*z - 135, 4*z = 3*x - 1232. Let s = x - 361. Calculate the greatest common factor of s and 172.
43
Let t = 103 - 92. Let o = t - -7. Let d(l) = 4*l + 198. Let k be d(0). What is the greatest common factor of o and k?
18
Suppose 5*g - 8 - 2 = 0. Suppose g*h = -3*h - 390. Let v be 1*24*(h/(-12) + 0). What is the highest common factor of v and 12?
12
Suppose 2 = w - 2*u, -3 = -w + 3*u - 4. Let h = -3 - -7. Let p be (h/14)/(w/28). Calculate the greatest common divisor of 11 and p.
1
Let b(u) = 1691*u**2 - 9*u + 9. Let l be b(1). Wha